{"id":3,"date":"2023-11-08T21:48:19","date_gmt":"2023-11-08T20:48:19","guid":{"rendered":"http:\/\/www.chiesacarbonafta.com\/?page_id=3"},"modified":"2023-11-08T22:55:14","modified_gmt":"2023-11-08T21:55:14","slug":"privacy-policy","status":"publish","type":"page","link":"http:\/\/www.chiesacarbonafta.com\/index.php\/privacy-policy\/","title":{"rendered":"Privacy Policy"},"content":{"rendered":"\r\n<h1 class=\"page-heading wp-block-heading\">Informativa Privacy e Cookie policy<\/h1>\r\n<hr \/>\r\n<p><strong>Informativa ai sensi e per gli effetti del GDPR UE 2016\/679 relativi alla tutela del trattamento dei dati personali.<\/strong><\/p>\r\n<p>&nbsp;<\/p>\r\n<h2><strong>Finalit\u00e0 del trattamento<\/strong><\/h2>\r\n<p>Laddove non diversamente specificato, la presente policy vale anche quale informativa ai sensi dell\u2019art. 13 del Regolamento (UE) n. 2016\/679 (di seguito il \u201c<strong><em>GDPR<\/em><\/strong>\u201d) \u2013 resa a coloro che interagiscono con il Sito (di seguito l\u2019\u201c<strong><em>Utente<\/em><\/strong>\u201d).<\/p>\r\n<p>Informative sul trattamento dei dati personali dettagliate sono riportate, ove necessario, nelle pagine relative ai singoli servizi offerti attraverso il Sito. Tali informative sono dirette a definire limiti e modalit\u00e0 del trattamento dei dati personali di ciascun servizio, in base alle quali l\u2019utente potr\u00e0 esprimere liberamente il proprio consenso, ove necessario, e autorizzare eventualmente la raccolta dei dati e il loro successivo trattamento.<\/p>\r\n<p>&nbsp;<\/p>\r\n<h2>Tipologie di dati trattati<\/h2>\r\n<p>Attraverso il Sito potranno essere raccolti e trattati:<\/p>\r\n<ul>\r\n<li>dati di navigazione;<\/li>\r\n<li>dati personali forniti volontariamente dall\u2019utente nei form presenti all\u2019interno del Sito o tramite l\u2019account di posta elettronica nel sezione contatti<\/li>\r\n<\/ul>\r\n<p>&nbsp;<\/p>\r\n<h2>Cookie<\/h2>\r\n<p>Questo sito web utilizza dei cookie tecnici per fornire all\u2019utente una navigazione funzionale e quindi pienamente godibile e cookie analitici di terze parti per monitorare l\u2019andamento delle visite al sito stesso, in nessun caso si utilizzano cookie che possano profilare gli utenti ed i dati eventualmente registrati (come quelli per accedere ad aree riservate o funzionalit\u00e0 accessorie) non vengono divulgati, comunicati o diffusi in nessuna maniera, ma sono impiegati esclusivamente dal gestore del sito web.<\/p>\r\n<p><strong>CHIESA CARBONAFTA S.R.L.<\/strong>, gestore del sito web e titolare del trattamento di dati personali a esso connesso, con sede legale e operativa in Strada del Francese, 84 \u2013 10156 Torino.<\/p>\r\n<p>Qualsiasi ulteriore richiesta sull\u2019utilizzo dei cookie nel presente sito web si pu\u00f2 fare richiesta inviando:<\/p>\r\n<ol>\r\n<li>una raccomandata AR a CHIESA CARBONAFTA S.R.L\u2013 Strada del Francese, 84- 10156 Torino<\/li>\r\n<li>una PEC all\u2019indirizzo: <a href=\"https:\/\/web.archive.org\/web\/20230331191752\/mailto:info@pec.chiesacarbonafta.it\">info@pec.chiesacarbonafta.it<\/a><\/li>\r\n<\/ol>\r\n<p>&nbsp;<\/p>\r\n<h2>Cookies Policy<\/h2>\r\n<p>Gli applicativi software utilizzati possono contenere la tecnologia \u201ccookie\u201d.<\/p>\r\n<p>I cookies hanno principalmente la funzione di agevolare la navigazione da parte dell\u2019utente. I cookies potranno fornire informazioni sulla navigazione all\u2019interno del Sito e permettere il funzionamento di alcuni servizi che richiedono l\u2019identificazione del percorso dell\u2019utente attraverso diverse pagine del Sito.<\/p>\r\n<p>Per qualsiasi accesso al portale indipendentemente dalla presenza di un cookie, vengono registrati il tipo di browser il sistema operativo (es. Microsoft, Apple, Android, Linux, ecc\u2026), l\u2019Host e l\u2019URL di provenienza del visitatore, oltre ai dati sulla pagina richiesta.<\/p>\r\n<p>L\u2019utente ha comunque modo di impostare il proprio browser in modo da essere informato quando ricevete un cookie e decidere in questo modo di eliminarlo. Ulteriori informazioni sui cookies sono reperibili sui siti web dei forniti di browser.<\/p>\r\n<p>&nbsp;<\/p>\r\n<h2>Che cosa sono i cookies?<\/h2>\r\n<p>I cookies sono piccoli file di testo generati dai siti web visitati e conservati nel computer dell\u2019utente, che mantengono i dati della sessione che potrebbero essere usati successivamente nel sito. Il dato permette al sito di mantenere le informazioni dell\u2019utente tra le pagine ed anche di analizzare il modo in cui questi interagisce con il sito.<\/p>\r\n<p>I cookies sono sicuri, non sono dannosi per il device possono soltanto conservare l\u2019informazione che viene inserita dal browser, relativa all\u2019accesso nel browser stesso o che \u00e8 inclusa nella pagina richiesta. Essi non possono trasformarsi in codici e non possono essere utilizzati per accedere al computer dell\u2019utente. Se un sito web cripta le informazioni nel cookie, soltanto il sito web pu\u00f2 leggere l\u2019informazione.<\/p>\r\n<p>Ulteriori informazioni sui cookies reperibili sui siti: <a href=\"https:\/\/web.archive.org\/web\/20230331191752\/http:\/\/www.allaboutcookies.org\/\" target=\"_blank\" rel=\"noopener\">www.allaboutcookies.org\u00a0<\/a>e <a href=\"https:\/\/web.archive.org\/web\/20230331191752\/http:\/\/www.youronlinechoices.eu\/\" target=\"_blank\" rel=\"noopener\">www.youronlinechoices.eu<\/a><\/p>\r\n<p>I cookies possono svolgere diverse funzioni, come ad esempio di navigare fra le varie pagine in modo efficiente e in generale possono migliorare la permanenza dell\u2019utente.<\/p>\r\n<p>Il titolare si riserva il diritto di utilizzare i cookies, con il consenso dell\u2019utente ove la legge o i regolamenti applicabili cos\u00ec stabiliscano, per facilitare la navigazione su questo sito e personalizzare le informazioni che appariranno.<\/p>\r\n<p>Il titolare si riserva inoltre il diritto di usare sistemi simili per raccogliere informazioni sugli utenti del sito, quali ad esempio tipo di browser internet e sistema operativo utilizzato, per finalit\u00e0 statistiche o di sicurezza.<\/p>\r\n<p>&nbsp;<\/p>\r\n<h2>Tipologie di cookies<\/h2>\r\n<p>Cookie di sessione e persistenti<\/p>\r\n<p>I cookie si distinguono in \u201cdi sessione\u201d e \u201cpersistenti\u201d<\/p>\r\n<p>I Session Cookies contengono l\u2019informazione che viene utilizzata nella tua sessione corrente del browser. Questi cookies vengono automaticamente eliminati alla chiusura del browser. Nulla viene conservato sul tuo computer oltre il tempo di utilizzazione del sito.<\/p>\r\n<p>I cookie di sessione utilizzati hanno lo scopo di velocizzare l\u2019analisi del traffico su Internet e facilitare agli utenti l\u2019accesso ai servizi offerti dal sito. I cookie di sessione vengono principalmente utilizzati in fase di autenticazione, autorizzazione e navigazione nei servizi ai quali si accede tramite una registrazione. La maggior parte dei browser \u00e8 impostata per accettare i cookie. Se non si desidera accettare i cookie, \u00e8 possibile impostare il computer affinch\u00e9 li rifiuti oppure visualizzi un avviso quando essi vengono archiviati. Se l\u2019interessato rifiuta l\u2019uso dei cookie alcune funzionalit\u00e0 del sito potrebbero non funzionare correttamente ed alcuni dei servizi non essere disponibili.<\/p>\r\n<p>L\u2019uso di c.d. cookies di sessione \u00e8 strettamente limitato alla trasmissione di identificativi di sessione, necessari per consentire l\u2019esplorazione sicura ed efficiente del sito. Tali dati hanno natura tecnica, validit\u00e0 temporanea e non sono raccolti allo scopo di identificare gli utenti ma, per via del loro funzionamento e in combinazione con altri dati detenuti da soggetti terzi (ad esempio il fornitore di connessione Internet dell\u2019interessato), potrebbero permetterne l\u2019identificazione. I Cookie di prima parte sono leggibili al solo dominio che li ha creati<\/p>\r\n<p>I Cookies Persistenti, invece, vengono utilizzati per mantenere l\u2019informazione che viene utilizzata nel periodo tra un accesso e l\u2019altro al sito web, o utilizzati per finalit\u00e0 tecniche e per migliorare la navigazione sul sito. Questo dato permette ai siti di riconoscere che sei utente o visitatore gi\u00e0 noto e si adatta di conseguenza. I cookies \u201cpersistenti\u201d hanno una durata che viene fissata dal sito web e che pu\u00f2 variare da pochi minuti a diversi anni e vengono quindi memorizzati fino alla loro scadenza o cancellazione.<\/p>\r\n<p>&nbsp;<\/p>\r\n<h2>Cookie tecnici e di profilazione<\/h2>\r\n<p>I Cookie tecnici, che sono quelli utilizzati al solo fine di effettuare la trasmissione di una comunicazione su una rete di comunicazione elettronica, o nella misura strettamente necessaria al fornitore di un servizio della societ\u00e0 dell\u2019informazione esplicitamente richiesto dall\u2019abbonato o dall\u2019utente a erogare tale servizio (cfr. art. 122, comma 1, del Codice Privacy).<\/p>\r\n<p>Essi non vengono utilizzati per scopi ulteriori e sono normalmente installati direttamente dal titolare o gestore del sito web. Tra essi figurano, ad esempio, i Cookie di funzionalit\u00e0, che permettono all\u2019utente la navigazione in funzione di una serie di criteri selezionati (ad esempio, la lingua, i prodotti selezionati per l\u2019acquisto) al fine di migliorare il servizio reso.<\/p>\r\n<p>I Cookie Analytics sono assimilati ai cookie tecnici laddove utilizzati direttamente dal gestore del sito per raccogliere informazioni, in forma aggregata, sul numero degli utenti e su come questi visitano il sito stesso.<\/p>\r\n<p>I Cookie di profilazione, che sono volti a creare profili relativi all\u2019utente e vengono utilizzati al fine di inviare messaggi pubblicitari in linea con le preferenze manifestate dallo stesso nell\u2019ambito della navigazione in rete.<\/p>\r\n<p>In ragione della particolare invasivit\u00e0 che tali dispositivi possono avere nell\u2019ambito della sfera privata degli utenti, la normativa europea e italiana prevede che l\u2019utente debba essere adeguatamente informato sull\u2019uso degli stessi ed esprimere cos\u00ec il proprio valido consenso.<\/p>\r\n<p>&nbsp;<\/p>\r\n<h2>Cookie di prima parte o di terze parti:<\/h2>\r\n<p>I Cookies si distinguono in Cookies di prima parte che appartengono al sito che li ha creati e Cookies di terze parti, che sono creati da domini esterni al sito ed i cui dati sono conservati presso il soggetto terzo.<\/p>\r\n<p>I Cookies di terza parte sono creati e leggibili da domini esterni al presente sito. Il software usato crea un cookie al fine di generare statistiche di utilizzo. I dati generati da questo cookie sono conservati presso Google Inc.<\/p>\r\n<p>Per il funzionamento dei cookies in Google Analytics consulta la documentazione ufficiale fornita da Google alla url: <a href=\"https:\/\/web.archive.org\/web\/20230331191752\/http:\/\/code.google.com\/apis\/analytics\/docs\/concepts\/gaConceptsCookies.html\" target=\"_blank\" rel=\"noopener\">http:\/\/code.google.com\/apis\/analytics\/docs\/concepts\/gaConceptsCookies.html<\/a><\/p>\r\n<h2>\u00a0<\/h2>\r\n<h2>Quali cookie utilizza il presente sito web e quali sono le loro principali caratteristiche<\/h2>\r\n<p>Come dichiarato in precedenza questo sito utilizza <strong>esclusivamente cookie tecnici e gli analytics di Google\u00a0<\/strong>per rendere la navigazione funzionale e piacevole, <strong>non utilizza invece alcun cookie di profilazione<\/strong>.<\/p>\r\n<p>Se i cookie tecnici servono al perfetto funzionamento del sito, i <strong>cookie di Google Analytics\u00a0<\/strong>sono impiegati per capire quali contenuti e funzionalit\u00e0 del sito sono maggiormente apprezzati e visitati grazie ad un\u2019<strong>analisi anonima\u00a0<\/strong>e aggregata fornita da una terza parte, ossia Google Analytics stessa. Per maggiori informazioni \u00e8 possibile consultare l\u2019informativa fornita da Google al seguente indirizzo: <a href=\"https:\/\/web.archive.org\/web\/20230331191752\/http:\/\/www.google.it\/policies\/privacy\/partners\/\" target=\"_blank\" rel=\"noopener\">http:\/\/www.google.it\/policies\/privacy\/partners\/<\/a><\/p>\r\n<p>Di seguito l\u2019<strong>elenco completo dei cookie tecnici utilizzati da questo sito<\/strong>, con finalit\u00e0, durata e tipologia degli stessi:<\/p>\r\n<p>Nome: <strong>Cookie Notice<\/strong><\/p>\r\n<p>Finalit\u00e0: Consenso Privacy e Cookie<br \/>Durata: 3 mesi<\/p>\r\n<p>Tali cookie saranno installati solo con il tuo consenso. Per questo motivo, quando accedi al sito viene visualizzato un apposito banner, che ti informa che (i) sul sito sono utilizzati cookie analitici, di profilazione e di retargeting, anche di terze parti e che (ii) chiudendo il banner o proseguendo la navigazione mediante selezione di un elemento del sito al di fuori del banner o accedendo ad altra area del sito, l\u2019utente presta il proprio consenso all\u2019uso dei cookie.<\/p>\r\n<p>Terremo traccia del tuo eventuale consenso mediante un apposito cookie tecnico. In questo modo, eviteremo di farti visualizzare il banner sui cookie nel corso delle tue successive visite al sito; qualora tu decida di cancellare i cookie tecnici ricordati che perderemo anche la traccia del tuo consenso e, pertanto, nel corso della tua successiva visita visualizzerai nuovamente il banner sui cookie.<\/p>\r\n<p>Naturalmente sei libero di bloccare l\u2019installazione dei cookie di profilazione (siano essi analitici di terze parti, social, di retargeting o profilazione), o di revocare il consenso che tu abbia inizialmente prestato, in qualsiasi momento e senza compromettere la tua possibilit\u00e0 di visitare il sito e fruire dei relativi contenuti. Per sapere come fare leggi attentamente le informative sui cookie delle terze parti seguendo i link riportati nella tabella che segue.<\/p>\r\n<p>&nbsp;<\/p>\r\n<h2>Come posso disabilitare i cookies?<\/h2>\r\n<p>La maggior parte dei browser accettano i cookies automaticamente, ma potete anche scegliere di non accettarli. Se non desideri che il tuo computer riceva e memorizzi cookies, puoi modificare le impostazioni di sicurezza del browser (<u>Internet Explorer, Google Chrome, Mozilla Firefox, Safari ecc\u2026<\/u>).<\/p>\r\n<p>Esistono diversi modi per gestire i cookie e altre tecnologie di tracciabilit\u00e0. Modificando le impostazioni del browser, si pu\u00f2 accettare o rifiutare i cookie o decidere di ricevere un messaggio di avviso prima di accettare un cookie dai siti Web visitati. Si possono eliminare tutti i cookie installati nella cartella dei cookie del suo browser.<\/p>\r\n<p>Ciascun browser presenta procedure diverse per la gestione delle impostazioni.<\/p>\r\n<p>Nella sezione Aiuto della barra dei menu della maggior parte dei browser, puoi trovare informazioni su come fare in modo che il browser non accetti nuovi cookies, come ricevere notifiche dal browser ogni volta che ricevi un nuovo cookie e disabilitarne tutti.<\/p>\r\n<p>Inoltre, puoi disabilitare o eliminare tutti i dati simili utilizzati dai componenti aggiuntivi del browser, come i flash cookies, modificando le impostazioni dei componenti aggiuntivi o visitando il sito web del relativo produttore.<\/p>\r\n<p>&nbsp;<\/p>\r\n<h2>Finalit\u00e0 e base giuridica del trattamento<\/h2>\r\n<p>I dati personali raccolti attraverso il Sito saranno trattati per la gestione delle richieste di informazioni o di documenti inoltrate dall\u2019Utente.<\/p>\r\n<p>Il trattamento dei dati personali per la finalit\u00e0 di cui sopra non richiede il consenso dell\u2019Utente in quanto il trattamento \u00e8 necessario per adempiere a specifiche richieste dell\u2019interessato ai sensi dell\u2019art. 6, c. 1, lett. b) del GDPR.<\/p>\r\n<p>&nbsp;<\/p>\r\n<h2>Conferimento dei dati e conseguenze in caso di mancato conferimento<\/h2>\r\n<p>Il conferimento dei dati personali per la finalit\u00e0 di cui sopra \u00e8 facoltativo e il loro mancato conferimento comporter\u00e0, come unica conseguenza, l\u2019impossibilit\u00e0 per il Titolare di gestire ed evadere le richieste dell\u2019interessato.<\/p>\r\n<p><strong>Modalit\u00e0 del trattamento. <\/strong>I dati personali saranno trattati con strumenti elettronici e cartacei, anche mediante inserimento e organizzazione in banche dati, in conformit\u00e0 a quanto disposto dal Regolamento.<\/p>\r\n<p>&nbsp;<\/p>\r\n<h2>Destinatari o categorie di destinatari<\/h2>\r\n<p>I dati personali potranno essere resi accessibili, portati a conoscenza di o comunicati ai seguenti soggetti, i quali saranno nominati da, a seconda dei casi, quali responsabili o incaricati:<\/p>\r\n<ul>\r\n<li>societ\u00e0 del gruppo di cui fa parte il Titolare (controllanti, controllate, collegate), dipendenti e\/o collaboratori a qualsivoglia titolo del Titolare e\/o di societ\u00e0 del gruppo di cui fa parte ilTitolare;<\/li>\r\n<li>soggetti pubblici o privati, persone fisiche o giuridiche, di cui il Titolare si avvalga per lo svolgimento delle attivit\u00e0 strumentali al raggiungimento della finalit\u00e0 di cui sopra o a cui il Titolare sia tenuta a comunicare i dati personali, in forza di obblighi legali o<\/li>\r\n<\/ul>\r\n<p>In ogni caso, i dati personali non saranno diffusi.<\/p>\r\n<p>&nbsp;<\/p>\r\n<h2>Periodo di conservazione<\/h2>\r\n<p>I dati personali saranno conservati per 1 anno dalla loro registrazione.<\/p>\r\n<p>&nbsp;<\/p>\r\n<h2>Diritti dell\u2019interessato<\/h2>\r\n<p>Relativamente ai dati personali medesimi potr\u00e0 esercitare i diritti:<\/p>\r\n<ul>\r\n<li>Diritto di accesso (Art.15): L\u2019interessato ha il diritto di ottenere dal titolare del trattamento la conferma che sia o meno in corso un trattamento di dati personali che lo riguardano e in tal caso, di ottenere l\u2019accesso ai dati personali<\/li>\r\n<li>Diritto di rettifica (Art.16): L\u2019interessato ha il diritto di ottenere dal titolare del trattamento la rettifica dei dati personali inesatti che lo riguardano senza ingiustificato ritardo. Tenuto conto delle finalit\u00e0 del trattamento, l\u2019interessato ha il diritto di ottenere l\u2019integrazione dei dati personali incompleti, anche fornendo una dichiarazione integrativa.<\/li>\r\n<li>Diritto alla Cancellazione (Diritto all\u2019oblio) (Art. 17): L\u2019interessato ha il diritto di ottenere dal titolare del trattamento la cancellazione dei dati personali che lo riguardano senza ingiustificato ritardo e il titolare del trattamento ha l\u2019obbligo di cancellare senza ingiustificato ritardo i dati personali, se sussiste uno dei motivi seguenti:<\/li>\r\n<li>I dati personali non sono pi\u00f9 necessari rispetto alle finalit\u00e0 per le quali sono stati raccolti o altrimenti trattati;<\/li>\r\n<li>L\u2019interessato revoca il consenso su cui si basa il trattamento conformemente all\u2019articolo 6, paragrafo 1, lettera a), o all\u2019articolo 9, paragrafo 2, lettera a), e se non sussiste altro fondamento giuridico per il trattamento;<\/li>\r\n<li>L\u2019interessato si oppone al trattamento ai sensi dell\u2019articolo 21 (Diritto di Opposizione), paragrafo 1, e non sussiste alcun motivo legittimo prevalente per procedere al trattamento, oppure si oppone al trattamento ai sensi dell\u2019articolo 21, paragrafo 2;<\/li>\r\n<li>I dati personali sono stati trattati illecitamente;<\/li>\r\n<li>I dati personali devono essere cancellati per adempiere un obbligo legale previsto dal diritto dell\u2019Unione o dello Stato membro cui \u00e8 soggetto il titolare del trattamento.<\/li>\r\n<\/ul>\r\n<p><strong>Aggiornamenti.<\/strong>La presente Privacy Policy sar\u00e0 soggetta ad aggiornamenti. Il Titolare invita, pertanto, gli Utenti che intendano conoscere le modalit\u00e0 di trattamento dei dati personali raccolti attraverso i Siti Web a visitare periodicamente questa pagina.<\/p>\r\n<h2>\u00a0<\/h2>\r\n<h2>Modalit\u00e0 di esercizio dei diritti<\/h2>\r\n<p>Potr\u00e0 in qualsiasi momento esercitare i diritti inviando:<\/p>\r\n<ul>\r\n<li>una raccomandata AR a <strong>CHIESA CARBONAFTA S.R.L.<\/strong>\u2013 Strada del Francese, 84- 10156 Torino<\/li>\r\n<li>una PEC all\u2019indirizzo <strong>: info@pec.chiesacarbonafta.it<\/strong><\/li>\r\n<\/ul>\r\n<h2>\u00a0<\/h2>\r\n<h2>Titolare, responsabile e incaricati<\/h2>\r\n<p>Il Titolare del trattamento \u00e8 <strong>CHIESA CARBONAFTA S.R.L.<\/strong>con sede legale e operativa in \u00a0Strada del Francese, 84- 10156 Torino<\/p>\r\n<p>L\u2019elenco aggiornato dei responsabili incaricati al trattamento \u00e8 custodito presso la sede operativa del Titolare deltrattamento.<\/p>\r\n<h2>\u00a0<\/h2>\r\n<h2>Dichiarazione di consenso<\/h2>\r\n<p>L\u2019interessato dichiara di aver ricevuto completa informativa ai sensi dell\u2019art. 13 del GDPR UE 2016\/679, ed esprime il consenso al trattamento dei dati personali ed alla comunicazione dei propri dati qualificati come personali dal citato regolamento nei limiti, per le finalit\u00e0 e per la durata precisati nell\u2019informativa.<\/p>\r\n<p>Tutte le autorizzazioni rilasciate dal\/dai sottoscritto\/i potranno essere revocate in ogni momento come indicato al p.to \u201cModalit\u00e0 di esercizio dei diritti\u201d e detta revoca avr\u00e0 effetto dal giorno successivo a quello di ricevimento della comunicazione.<\/p>\r\n<p>In merito sono comunque fatti salvi i trattamenti imposti in osservanza delle vigenti leggi.<\/p>\r\n","protected":false},"excerpt":{"rendered":"<p>Informativa Privacy e Cookie policy Informativa ai sensi e per gli effetti del GDPR UE 2016\/679 relativi alla tutela del trattamento dei dati personali. &nbsp; Finalit\u00e0 del trattamento Laddove non diversamente specificato, la presente policy vale anche quale informativa ai sensi dell\u2019art. 13 del Regolamento (UE) n. 2016\/679 (di seguito il \u201cGDPR\u201d) \u2013 resa a [&hellip;]<\/p>\n","protected":false},"author":1,"featured_media":0,"parent":0,"menu_order":0,"comment_status":"closed","ping_status":"open","template":"","meta":{"footnotes":""},"class_list":["post-3","page","type-page","status-publish","hentry"],"_links":{"self":[{"href":"http:\/\/www.chiesacarbonafta.com\/index.php\/wp-json\/wp\/v2\/pages\/3","targetHints":{"allow":["GET"]}}],"collection":[{"href":"http:\/\/www.chiesacarbonafta.com\/index.php\/wp-json\/wp\/v2\/pages"}],"about":[{"href":"http:\/\/www.chiesacarbonafta.com\/index.php\/wp-json\/wp\/v2\/types\/page"}],"author":[{"embeddable":true,"href":"http:\/\/www.chiesacarbonafta.com\/index.php\/wp-json\/wp\/v2\/users\/1"}],"replies":[{"embeddable":true,"href":"http:\/\/www.chiesacarbonafta.com\/index.php\/wp-json\/wp\/v2\/comments?post=3"}],"version-history":[{"count":1,"href":"http:\/\/www.chiesacarbonafta.com\/index.php\/wp-json\/wp\/v2\/pages\/3\/revisions"}],"predecessor-version":[{"id":96,"href":"http:\/\/www.chiesacarbonafta.com\/index.php\/wp-json\/wp\/v2\/pages\/3\/revisions\/96"}],"wp:attachment":[{"href":"http:\/\/www.chiesacarbonafta.com\/index.php\/wp-json\/wp\/v2\/media?parent=3"}],"curies":[{"name":"wp","href":"https:\/\/api.w.org\/{rel}","templated":true}]}}